11012001110101?
11012001102002
In base 4, what is -22001110020 + 2?
-22001110012
In base 13, what is -2c00 + 5373?
2473
In base 16, what is -1 - d963d?
-d963e
In base 12, what is -8b2 + -1052aa?
-105ba0
In base 16, what is -18b + 11f4?
1069
In base 8, what is -6 + 10462564?
10462556
In base 5, what is -10 + -4010141340?
-4010141400
In base 9, what is 2 + -1754715?
-1754713
In base 8, what is -146 - 3250532?
-3250700
In base 15, what is 3c385 - -2?
3c387
In base 2, what is 100111011110111001110100011 + 1000?
100111011110111001110101011
In base 16, what is -7 - -944580?
944579
In base 6, what is -22314 + 110335?
44021
In base 6, what is 113 + 131221104?
131221221
In base 13, what is -7c67751a - -2?
-7c677518
In base 15, what is -8 - -a0856?
a084d
In base 3, what is 10020121021012 + 201?
10020121021220
In base 7, what is 12 + 165624433?
165624445
In base 16, what is 18dd8 - 109e?
17d3a
In base 7, what is -22005 - -14466?
-4206
In base 3, what is -10201121012012 - 12011?
-10201121101100
In base 4, what is -220331032022 + -12?
-220331032100
In base 4, what is 1010 + -1030033210?
-1030032200
In base 15, what is -6a7 + 1798?
10e1
In base 10, what is -1094 + 6336?
5242
In base 6, what is -23530 + -101324?
-125254
In base 3, what is -10211211222001 - 1?
-10211211222002
In base 15, what is -bc1 + 1e0?
-9d1
In base 3, what is 1202100012000 + 221?
1202100012221
In base 11, what is 73 + -a5389?
-a5316
In base 8, what is -172 + -4412141?
-4412333
In base 2, what is -100101001101000001 - 1000100100111?
-100110010001101000
In base 7, what is -1 + -63454020?
-63454021
In base 11, what is -14 - 5739532a?
-57395343
In base 10, what is 72200515 - 1?
72200514
In base 15, what is -665 - -4416?
3ca1
In base 6, what is 114121303 - 4?
114121255
In base 5, what is 342200202 + 11?
342200213
In base 5, what is 201 + -2231333304?
-2231333103
In base 8, what is -13 + 11643714?
11643701
In base 4, what is 13 - 221130223212?
-221130223133
In base 5, what is -313324323 + 31?
-313324242
In base 5, what is 3 + 113344303333?
113344303341
In base 15, what is -20d - -1b801?
1b5e3
In base 8, what is -251303136 + -2?
-251303140
In base 6, what is 3 - 53055313?
-53055310
In base 7, what is 44500 + -24?
44443
In base 8, what is -4 + -1072007324?
-1072007330
In base 8, what is -1601512 + -100?
-1601612
In base 15, what is -3 + a405d06?
a405d03
In base 15, what is 89 - -9eb39?
9ebc3
In base 13, what is 7261a - -14a7?
73ac4
In base 14, what is 303127 + 9b?
3031c4
In base 15, what is -2 + -470ca7?
-470ca9
In base 10, what is 385671 - 6?
385665
In base 15, what is 2 + -40a6c5?
-40a6c3
In base 11, what is -1519 + 100a?
-50a
In base 10, what is -515 - 99138?
-99653
In base 15, what is -4 - 1ac9db?
-1ac9e0
In base 12, what is -3 - -317b2?
317ab
In base 2, what is -110001100110001000000 - -101?
-110001100110000111011
In base 3, what is 2210012002220 + 10211?
2210012020201
In base 5, what is 132414 + 100142?
233111
In base 6, what is -351150145 - -5?
-351150140
In base 13, what is 0 - 27697a8?
-27697a8
In base 5, what is 21341200 - 3?
21341142
In base 9, what is 1341684746 - 5?
1341684741
In base 2, what is 10101101011101110 + -1011000010?
10101100000101100
In base 5, what is 12443224242 - -22?
12443224314
In base 10, what is -3 - 13518195?
-13518198
In base 4, what is -203 - -231211331133?
231211330330
In base 2, what is 1000010001011011 + 10101110?
1000010100001001
In base 13, what is -21cbb7 + -808?
-2206c2
In base 11, what is 5 - -6151a461?
6151a466
In base 2, what is 101111 - 10100011001000101101011?
-10100011001000100111100
In base 6, what is 3 + -34400021?
-34400014
In base 7, what is -1 - 321024304?
-321024305
In base 7, what is -12 - -23234656?
23234644
In base 7, what is 126 - -10332203?
10332332
In base 7, what is 4 - -12556434?
12556441
In base 8, what is -335617 - 2215?
-340034
In base 15, what is -174 + -b9b09?
-b9c7d
In base 8, what is 4331303 + 556?
4332061
In base 7, what is -26014 - 14214?
-43231
In base 16, what is 3 + 6f0299?
6f029c
In base 15, what is 9 - -42b686?
42b690
In base 8, what is 5 - -1002654600?
1002654605
In base 16, what is 180 - -739cc?
73b4c
In base 4, what is 311201 - 202133?
103002
In base 4, what is 10 + 133120232?
133120302
In base 13, what is -c4 + -11966?
-11a5a
In base 13, what is 9766b + 39?
976a7
In base 8, what is 7410 - 2246?
5142
In base 16, what is 161 - -2487?
25e8
In base 10, what is 5 + 121377618?
121377623
In base 14, what is 5 - 6add4b?
-6add46
In base 12, what is -7 + -20b34745?
-20b34750
In base 10, what is 45 + -161820?
-161775
In base 7, what is -26 - -6664550?
6664521
In base 7, what is 24453 + -10253?
14200
In base 15, what is cb1c6 - 208?
caebd
In base 10, what is 1 - 2015084?
-2015083
In base 16, what is -5 - -3ee10f?
3ee10a
In base 8, what is 25210775 - 60?
25210715
In base 8, what is 12401 + -14413?
-2012
In base 14, what is 957 + 8828?
9381
In base 8, what is 0 - 104256635?
-104256635
In base 9, what is -64 + -7546?
-7621
In base 7, what is -34111432 + 56?
-34111343
In base 6, what is -101514404 - -11?
-101514353
In base 2, what is 1001101111010111101100 + 101110?
1001101111011000011010
In base 10, what is -2092269 + 564?
-2091705
In base 2, what is -101 - -110011111001101010111111111?
110011111001101010111111010
In base 12, what is -370 - -5577?
5207
In base 16, what is 1 - -4aa51b?
4aa51c
In base 3, what is 111 + 1201121022?
1201121210
In base 2, what is 110001 + 110000111010101101011?
110000111010110011100
In base 15, what is -13 - 520aa?
-520bd
In base 11, what is 0 - -1284aa83?
1284aa83
In base 4, what is 3 - -23012111300011?
23012111300020
In base 13, what is 4b5343 + 14?
4b5357
In base 11, what is -101 + -455577?
-455678
In base 9, what is -14751 + -15128?
-30880
In base 13, what is -3 + -62761c?
-627622
In base 13, what is 569 + -ca67?
-c4cb
In base 9, what is 13 - -567617?
567631
In base 4, what is -13100312101 + 3?
-13100312032
In base 2, what is -101011101110111 - -100110000111100?
-101100111011
In base 6, what is -5 - -4141253152?
4141253143
In base 2, what is -1001000111011000010 + -1111111?
-1001000111101000001
In base 3, what is 12 - 10000222201121?
-10000222201102
In base 2, what is -10000001 - 10011001110100000?
-10011010000100001
In base 3, what is 1112101000211221120 + -10?
1112101000211221110
In base 4, what is -22211302 - 211230?
-23023132
In base 3, what is 122202012220 - -2000121?
122211020111
In base 12, what is -3406 - 730?
-3b36
In base 2, what is 100101 + -10101110011100010100?
-10101110011011101111
In base 4, what is 130200 + -10132020?
-10001220
In base 14, what is -117759 - -48?
-117711
In base 6, what is 30105201 - 11323?
30053434
In base 5, what is 221 + 1123124030?
1123124301
In base 9, what is 1788 - 31082?
-28183
In base 15, what is -6e41b8 + -14?
-6e41cc
In base 14, what is 14c70 + -b2?
14b9c
In base 11, what is -10 + -1008a9?
-100909
In base 11, what is 118 - 6094a4?
-609387
In base 5, what is -111214 - 42243143?
-42404412
In base 7, what is 214 + -1013301?
-1013054
In base 3, what is -2 + -21011101020221?
-21011101021000
In base 5, what is 10203213 - -31142?
10234410
In base 9, what is -1668430 - -51?
-1668368
In base 16, what is -130 - 8c3f?
-8d6f
In base 8, what is 1142317 - 0?
1142317
In base 13, what is -2 - -59a195?
59a193
In base 9, what is 2546 - 6416?
-3760
In base 14, what is 7 + 207d8b?
207d94
In base 16, what is -915b41 + -2?
-915b43
In base 7, what is 0 - -442313260?
442313260
In base 14, what is 278395 - 12?
278383
In base 16, what is -5 - -15b231?
15b22c
In base 2, what is -1011110001001110100111110 - 10011?
-1011110001001110101010001
In base 11, what is -14653 + -5351?
-199a4
In base 4, what is 120323301 + 130?
120330031
In base 9, what is -51 - 2040117?
-2040168
In base 16, what is 3cc7 - -b5db?
f2a2
In base 15, what is -2 + -96570b6?
-96570b8
In base 9, what is -15 - 1436768?
-1436784
In base 7, what is -56 + -20343502?
-20343561
In base 2, what is 100011010000 + 1110100101010011?
1111001000100011
In base 13, what is -829c802 + -b?
-829c810
In base 9, what is 136717 - -111?
136828
In base 15, what is -2125a + -19a?
-21405
In base 12, what is -1838172 + 40?
-1838132
In base 16, what is 178 + 186e?
19e6
In base 9, what is 27 + -1544536?
-1544508
In base 9, what is 3137826 -